{"id":6693,"date":"2025-02-22T02:10:01","date_gmt":"2025-02-22T02:10:01","guid":{"rendered":"https:\/\/bericenter.com\/?page_id=6693"},"modified":"2025-04-11T22:42:11","modified_gmt":"2025-04-11T22:42:11","slug":"curso-de-informatica-aplicada","status":"publish","type":"page","link":"https:\/\/bericenter.com\/index.php\/curso-de-informatica-aplicada\/","title":{"rendered":"INFORM\u00c1TICA APLICADA"},"content":{"rendered":"\t\t<div data-elementor-type=\"wp-page\" data-elementor-id=\"6693\" class=\"elementor elementor-6693\">\n\t\t\t\t<div class=\"elementor-element elementor-element-1675bf5a e-con-full e-flex e-con e-parent\" data-id=\"1675bf5a\" data-element_type=\"container\">\n\t\t\t\t<div class=\"elementor-element elementor-element-9f476a0 elementor-widget elementor-widget-image\" data-id=\"9f476a0\" data-element_type=\"widget\" data-widget_type=\"image.default\">\n\t\t\t\t<div class=\"elementor-widget-container\">\n\t\t\t\t\t\t\t\t\t\t\t\t\t\t\t<img fetchpriority=\"high\" decoding=\"async\" width=\"640\" height=\"427\" src=\"https:\/\/bericenter.com\/wp-content\/uploads\/2025\/04\/programador-1024x683.avif\" class=\"attachment-large size-large wp-image-7014\" alt=\"\" srcset=\"https:\/\/bericenter.com\/wp-content\/uploads\/2025\/04\/programador-1024x683.avif 1024w, https:\/\/bericenter.com\/wp-content\/uploads\/2025\/04\/programador-300x200.avif 300w, https:\/\/bericenter.com\/wp-content\/uploads\/2025\/04\/programador-768x512.avif 768w, https:\/\/bericenter.com\/wp-content\/uploads\/2025\/04\/programador-540x360.avif 540w, https:\/\/bericenter.com\/wp-content\/uploads\/2025\/04\/programador-600x400.avif 600w, https:\/\/bericenter.com\/wp-content\/uploads\/2025\/04\/programador.avif 1380w\" sizes=\"(max-width: 640px) 100vw, 640px\" \/>\t\t\t\t\t\t\t\t\t\t\t\t\t\t\t<\/div>\n\t\t\t\t<\/div>\n\t\t\t\t<div class=\"elementor-element elementor-element-7201e70e elementor-widget elementor-widget-text-editor\" data-id=\"7201e70e\" data-element_type=\"widget\" data-widget_type=\"text-editor.default\">\n\t\t\t\t<div class=\"elementor-widget-container\">\n\t\t\t\t\t\t\t\t\t<figure class=\"wp-block-image is-resized\"><\/figure>\n<p><!-- \/wp:image --><!-- wp:heading {\"textAlign\":\"center\"} --><\/p>\n<h2 class=\"wp-block-heading has-text-align-center\"><strong>INFORM\u00c1TICA APLICADA<\/strong><\/h2>\n<p><!-- \/wp:heading --><!-- wp:heading {\"level\":3} --><\/p>\n<p class=\"wp-block-heading\" style=\"text-align: center;\">Domina Excel, bases de datos y l\u00f3gica de programaci\u00f3n con un enfoque 100% pr\u00e1ctico<\/p>\n<p>\u00bfTe gustar\u00eda resolver problemas reales usando herramientas digitales? \u00bfQuieres dominar el manejo de hojas de c\u00e1lculo y aprender a programar desde cero? En Bericenter, el N.\u00ba 1 en Arequipa en equipamiento de alta gama, te damos las herramientas que todo estudiante o profesional moderno necesita para destacar en un entorno digital competitivo.<\/p>\n<h2 style=\"text-align: center;\">\ud83c\udfaf \u00bfQu\u00e9 vas a lograr con este curso?<\/h2>\n<p>\ud83d\udd39 Automatizar tareas con f\u00f3rmulas y funciones avanzadas de Excel<br \/>\ud83d\udd39 Analizar bases de datos y sacar conclusiones con tablas din\u00e1micas<br \/>\ud83d\udd39 Crear soluciones digitales aplicando l\u00f3gica de programaci\u00f3n<br \/>\ud83d\udd39 Interpretar y optimizar informaci\u00f3n como lo hacen los profesionales de la industria<br \/>\ud83d\udd39 Aplicar la teor\u00eda en casos reales a trav\u00e9s de ejercicios guiados en laboratorio y software especializado<\/p>\n<p><!-- \/wp:paragraph --><!-- wp:heading {\"level\":3} --><\/p>\n<p><!-- \/wp:heading --><!-- wp:list {\"ordered\":true} --><\/p>\n<ol class=\"wp-block-list\">\n<li style=\"list-style-type: none;\">\n<ol class=\"wp-block-list\"><!-- wp:list-item --><\/ol>\n<\/li>\n<\/ol>\n<p><!-- \/wp:heading --><!-- wp:table --><\/p>\n<p><!-- \/wp:table --><!-- wp:image {\"width\":\"840px\",\"height\":\"auto\"} --><\/p>\n<figure class=\"wp-block-image is-resized\"><\/figure>\n<p><!-- \/wp:image --><\/p>\t\t\t\t\t\t\t\t<\/div>\n\t\t\t\t<\/div>\n\t\t\t\t<div class=\"elementor-element elementor-element-07dad92 elementor-widget elementor-widget-heading\" data-id=\"07dad92\" data-element_type=\"widget\" data-widget_type=\"heading.default\">\n\t\t\t\t<div class=\"elementor-widget-container\">\n\t\t\t\t\t<h4 class=\"elementor-heading-title elementor-size-default\"><h2><span lang=\"EN-US\">\ud83e\udde0<\/span>\n\u00bfQu\u00e9 aprender\u00e1s?<\/h2>\n\n<h2><span style=\"color: var( --e-global-color-primary );font-family: var( --e-global-typography-primary-font-family ), Sans-serif;font-weight: var( --e-global-typography-primary-font-weight )\"><\/span><\/h2><\/h4>\t\t\t\t<\/div>\n\t\t\t\t<\/div>\n\t\t\t\t<div class=\"elementor-element elementor-element-0fbdad5 elementor-widget elementor-widget-n-accordion\" data-id=\"0fbdad5\" data-element_type=\"widget\" data-settings=\"{&quot;default_state&quot;:&quot;expanded&quot;,&quot;max_items_expended&quot;:&quot;one&quot;,&quot;n_accordion_animation_duration&quot;:{&quot;unit&quot;:&quot;ms&quot;,&quot;size&quot;:400,&quot;sizes&quot;:[]}}\" data-widget_type=\"nested-accordion.default\">\n\t\t\t\t<div class=\"elementor-widget-container\">\n\t\t\t\t\t\t\t<div class=\"e-n-accordion\" aria-label=\"Accordion. Open links with Enter or Space, close with Escape, and navigate with Arrow Keys\">\n\t\t\t\t\t\t<details id=\"e-n-accordion-item-1650\" class=\"e-n-accordion-item\" open>\n\t\t\t\t<summary class=\"e-n-accordion-item-title\" data-accordion-index=\"1\" tabindex=\"0\" aria-expanded=\"true\" aria-controls=\"e-n-accordion-item-1650\" >\n\t\t\t\t\t<span class='e-n-accordion-item-title-header'><div class=\"e-n-accordion-item-title-text\"> Excel de principio a avanzado <\/div><\/span>\n\t\t\t\t\t\t\t<span class='e-n-accordion-item-title-icon'>\n\t\t\t<span class='e-opened' ><svg aria-hidden=\"true\" class=\"e-font-icon-svg e-fas-minus\" viewBox=\"0 0 448 512\" xmlns=\"http:\/\/www.w3.org\/2000\/svg\"><path d=\"M416 208H32c-17.67 0-32 14.33-32 32v32c0 17.67 14.33 32 32 32h384c17.67 0 32-14.33 32-32v-32c0-17.67-14.33-32-32-32z\"><\/path><\/svg><\/span>\n\t\t\t<span class='e-closed'><svg aria-hidden=\"true\" class=\"e-font-icon-svg e-fas-plus\" viewBox=\"0 0 448 512\" xmlns=\"http:\/\/www.w3.org\/2000\/svg\"><path d=\"M416 208H272V64c0-17.67-14.33-32-32-32h-32c-17.67 0-32 14.33-32 32v144H32c-17.67 0-32 14.33-32 32v32c0 17.67 14.33 32 32 32h144v144c0 17.67 14.33 32 32 32h32c17.67 0 32-14.33 32-32V304h144c17.67 0 32-14.33 32-32v-32c0-17.67-14.33-32-32-32z\"><\/path><\/svg><\/span>\n\t\t<\/span>\n\n\t\t\t\t\t\t<\/summary>\n\t\t\t\t<div role=\"region\" aria-labelledby=\"e-n-accordion-item-1650\" class=\"elementor-element elementor-element-080e3e8 e-con-full e-flex e-con e-child\" data-id=\"080e3e8\" data-element_type=\"container\">\n\t\t\t\t<div class=\"elementor-element elementor-element-52a2b3a elementor-widget elementor-widget-text-editor\" data-id=\"52a2b3a\" data-element_type=\"widget\" data-widget_type=\"text-editor.default\">\n\t\t\t\t<div class=\"elementor-widget-container\">\n\t\t\t\t\t\t\t\t\t<p>Tipos de datos, formatos y f\u00f3rmulas<\/p>\n<p>Funciones estad\u00edsticas, matem\u00e1ticas y l\u00f3gicas (SI, Y, O, anidadas)<\/p>\n<p>Estilos, formato condicional y gr\u00e1ficos profesionales<\/p>\n<p>BuscarV, BuscarH, filtros avanzados, tablas din\u00e1micas<\/p>\t\t\t\t\t\t\t\t<\/div>\n\t\t\t\t<\/div>\n\t\t\t\t<\/div>\n\t\t\t\t\t<\/details>\n\t\t\t\t\t\t<details id=\"e-n-accordion-item-1651\" class=\"e-n-accordion-item\" >\n\t\t\t\t<summary class=\"e-n-accordion-item-title\" data-accordion-index=\"2\" tabindex=\"-1\" aria-expanded=\"false\" aria-controls=\"e-n-accordion-item-1651\" >\n\t\t\t\t\t<span class='e-n-accordion-item-title-header'><div class=\"e-n-accordion-item-title-text\"> \u00a0Manejo de bases de datos <\/div><\/span>\n\t\t\t\t\t\t\t<span class='e-n-accordion-item-title-icon'>\n\t\t\t<span class='e-opened' ><svg aria-hidden=\"true\" class=\"e-font-icon-svg e-fas-minus\" viewBox=\"0 0 448 512\" xmlns=\"http:\/\/www.w3.org\/2000\/svg\"><path d=\"M416 208H32c-17.67 0-32 14.33-32 32v32c0 17.67 14.33 32 32 32h384c17.67 0 32-14.33 32-32v-32c0-17.67-14.33-32-32-32z\"><\/path><\/svg><\/span>\n\t\t\t<span class='e-closed'><svg aria-hidden=\"true\" class=\"e-font-icon-svg e-fas-plus\" viewBox=\"0 0 448 512\" xmlns=\"http:\/\/www.w3.org\/2000\/svg\"><path d=\"M416 208H272V64c0-17.67-14.33-32-32-32h-32c-17.67 0-32 14.33-32 32v144H32c-17.67 0-32 14.33-32 32v32c0 17.67 14.33 32 32 32h144v144c0 17.67 14.33 32 32 32h32c17.67 0 32-14.33 32-32V304h144c17.67 0 32-14.33 32-32v-32c0-17.67-14.33-32-32-32z\"><\/path><\/svg><\/span>\n\t\t<\/span>\n\n\t\t\t\t\t\t<\/summary>\n\t\t\t\t<div role=\"region\" aria-labelledby=\"e-n-accordion-item-1651\" class=\"elementor-element elementor-element-56de44a e-con-full e-flex e-con e-child\" data-id=\"56de44a\" data-element_type=\"container\">\n\t\t\t\t<div class=\"elementor-element elementor-element-f0346bb elementor-widget elementor-widget-text-editor\" data-id=\"f0346bb\" data-element_type=\"widget\" data-widget_type=\"text-editor.default\">\n\t\t\t\t<div class=\"elementor-widget-container\">\n\t\t\t\t\t\t\t\t\t<p>Ordenamiento por m\u00faltiples niveles<\/p>\n<p>Subtotales, criterios, segmentaciones<\/p>\n<p>Power Pivot y Power BI para visualizaciones e informes<\/p>\n<p>Relaci\u00f3n de datos y columnas calculadas<\/p>\t\t\t\t\t\t\t\t<\/div>\n\t\t\t\t<\/div>\n\t\t\t\t<\/div>\n\t\t\t\t\t<\/details>\n\t\t\t\t\t\t<details id=\"e-n-accordion-item-1652\" class=\"e-n-accordion-item\" >\n\t\t\t\t<summary class=\"e-n-accordion-item-title\" data-accordion-index=\"3\" tabindex=\"-1\" aria-expanded=\"false\" aria-controls=\"e-n-accordion-item-1652\" >\n\t\t\t\t\t<span class='e-n-accordion-item-title-header'><div class=\"e-n-accordion-item-title-text\"> Fundamentos de programaci\u00f3n <\/div><\/span>\n\t\t\t\t\t\t\t<span class='e-n-accordion-item-title-icon'>\n\t\t\t<span class='e-opened' ><svg aria-hidden=\"true\" class=\"e-font-icon-svg e-fas-minus\" viewBox=\"0 0 448 512\" xmlns=\"http:\/\/www.w3.org\/2000\/svg\"><path d=\"M416 208H32c-17.67 0-32 14.33-32 32v32c0 17.67 14.33 32 32 32h384c17.67 0 32-14.33 32-32v-32c0-17.67-14.33-32-32-32z\"><\/path><\/svg><\/span>\n\t\t\t<span class='e-closed'><svg aria-hidden=\"true\" class=\"e-font-icon-svg e-fas-plus\" viewBox=\"0 0 448 512\" xmlns=\"http:\/\/www.w3.org\/2000\/svg\"><path d=\"M416 208H272V64c0-17.67-14.33-32-32-32h-32c-17.67 0-32 14.33-32 32v144H32c-17.67 0-32 14.33-32 32v32c0 17.67 14.33 32 32 32h144v144c0 17.67 14.33 32 32 32h32c17.67 0 32-14.33 32-32V304h144c17.67 0 32-14.33 32-32v-32c0-17.67-14.33-32-32-32z\"><\/path><\/svg><\/span>\n\t\t<\/span>\n\n\t\t\t\t\t\t<\/summary>\n\t\t\t\t<div role=\"region\" aria-labelledby=\"e-n-accordion-item-1652\" class=\"elementor-element elementor-element-9c2ceb8 e-con-full e-flex e-con e-child\" data-id=\"9c2ceb8\" data-element_type=\"container\">\n\t\t\t\t<div class=\"elementor-element elementor-element-a0b0080 elementor-widget elementor-widget-text-editor\" data-id=\"a0b0080\" data-element_type=\"widget\" data-widget_type=\"text-editor.default\">\n\t\t\t\t<div class=\"elementor-widget-container\">\n\t\t\t\t\t\t\t\t\t<p>Algoritmos, pseudoc\u00f3digo y diagramas de flujo<\/p>\n<p>Estructuras condicionales y repetitivas<\/p>\n<p>Aplicaci\u00f3n pr\u00e1ctica de la l\u00f3gica de programaci\u00f3n en escenarios reales<\/p>\t\t\t\t\t\t\t\t<\/div>\n\t\t\t\t<\/div>\n\t\t\t\t<\/div>\n\t\t\t\t\t<\/details>\n\t\t\t\t\t\t<details id=\"e-n-accordion-item-1653\" class=\"e-n-accordion-item\" >\n\t\t\t\t<summary class=\"e-n-accordion-item-title\" data-accordion-index=\"4\" tabindex=\"-1\" aria-expanded=\"false\" aria-controls=\"e-n-accordion-item-1653\" >\n\t\t\t\t\t<span class='e-n-accordion-item-title-header'><div class=\"e-n-accordion-item-title-text\"> Nuevas tecnolog\u00edas y cultura digital <\/div><\/span>\n\t\t\t\t\t\t\t<span class='e-n-accordion-item-title-icon'>\n\t\t\t<span class='e-opened' ><svg aria-hidden=\"true\" class=\"e-font-icon-svg e-fas-minus\" viewBox=\"0 0 448 512\" xmlns=\"http:\/\/www.w3.org\/2000\/svg\"><path d=\"M416 208H32c-17.67 0-32 14.33-32 32v32c0 17.67 14.33 32 32 32h384c17.67 0 32-14.33 32-32v-32c0-17.67-14.33-32-32-32z\"><\/path><\/svg><\/span>\n\t\t\t<span class='e-closed'><svg aria-hidden=\"true\" class=\"e-font-icon-svg e-fas-plus\" viewBox=\"0 0 448 512\" xmlns=\"http:\/\/www.w3.org\/2000\/svg\"><path d=\"M416 208H272V64c0-17.67-14.33-32-32-32h-32c-17.67 0-32 14.33-32 32v144H32c-17.67 0-32 14.33-32 32v32c0 17.67 14.33 32 32 32h144v144c0 17.67 14.33 32 32 32h32c17.67 0 32-14.33 32-32V304h144c17.67 0 32-14.33 32-32v-32c0-17.67-14.33-32-32-32z\"><\/path><\/svg><\/span>\n\t\t<\/span>\n\n\t\t\t\t\t\t<\/summary>\n\t\t\t\t<div role=\"region\" aria-labelledby=\"e-n-accordion-item-1653\" class=\"elementor-element elementor-element-69051a4 e-flex e-con-boxed e-con e-child\" data-id=\"69051a4\" data-element_type=\"container\">\n\t\t\t\t\t<div class=\"e-con-inner\">\n\t\t\t\t<div class=\"elementor-element elementor-element-714d124 elementor-widget elementor-widget-text-editor\" data-id=\"714d124\" data-element_type=\"widget\" data-widget_type=\"text-editor.default\">\n\t\t\t\t<div class=\"elementor-widget-container\">\n\t\t\t\t\t\t\t\t\t<p>Redes de computadoras, comunidades virtuales y redes sociales<\/p>\n<p>Proveedores de internet y tipos de conexi\u00f3n<\/p>\t\t\t\t\t\t\t\t<\/div>\n\t\t\t\t<\/div>\n\t\t\t\t\t<\/div>\n\t\t\t\t<\/div>\n\t\t\t\t\t<\/details>\n\t\t\t\t\t<\/div>\n\t\t\t\t\t\t<\/div>\n\t\t\t\t<\/div>\n\t\t\t\t<div class=\"elementor-element elementor-element-1788a94 elementor-widget elementor-widget-heading\" data-id=\"1788a94\" data-element_type=\"widget\" data-widget_type=\"heading.default\">\n\t\t\t\t<div class=\"elementor-widget-container\">\n\t\t\t\t\t<h4 class=\"elementor-heading-title elementor-size-default\"><h2> Metodolog\u00eda: Aprende haciendo<\/h2><\/h4>\t\t\t\t<\/div>\n\t\t\t\t<\/div>\n\t\t<div class=\"elementor-element elementor-element-7cefa91 e-grid e-con-full e-con e-child\" data-id=\"7cefa91\" data-element_type=\"container\">\n\t\t\t\t<div class=\"elementor-element elementor-element-0d7d0b1 elementor-widget elementor-widget-text-editor\" data-id=\"0d7d0b1\" data-element_type=\"widget\" data-widget_type=\"text-editor.default\">\n\t\t\t\t<div class=\"elementor-widget-container\">\n\t\t\t\t\t\t\t\t\t<p style=\"text-align: center;\"><strong>\ud83d\udca1 Nuestro enfoque es 100% pr\u00e1ctico y orientado a resultados reales<\/strong><\/p>\t\t\t\t\t\t\t\t<\/div>\n\t\t\t\t<\/div>\n\t\t\t\t<div class=\"elementor-element elementor-element-8142494 elementor-widget elementor-widget-text-editor\" data-id=\"8142494\" data-element_type=\"widget\" data-widget_type=\"text-editor.default\">\n\t\t\t\t<div class=\"elementor-widget-container\">\n\t\t\t\t\t\t\t\t\t<p style=\"text-align: center;\"><strong>\ud83d\udccc Tendr\u00e1s acceso a software especializado, clases con ejercicios guiados y sesiones presenciales donde aplicar\u00e1s todo lo aprendido.<\/strong><\/p>\t\t\t\t\t\t\t\t<\/div>\n\t\t\t\t<\/div>\n\t\t\t\t<\/div>\n\t\t\t\t<div class=\"elementor-element elementor-element-1a710ad elementor-widget elementor-widget-text-editor\" data-id=\"1a710ad\" data-element_type=\"widget\" data-widget_type=\"text-editor.default\">\n\t\t\t\t<div class=\"elementor-widget-container\">\n\t\t\t\t\t\t\t\t\t<h2 class=\"elementor-heading-title elementor-size-default elementor-inline-editing pen\" contenteditable=\"true\" data-elementor-setting-key=\"title\" data-pen-placeholder=\"Teclea aqu\u00ed...\"><img decoding=\"async\" class=\"emoji\" role=\"img\" draggable=\"false\" src=\"https:\/\/s.w.org\/images\/core\/emoji\/15.0.3\/svg\/1f4c5.svg\" alt=\"\ud83d\udcc5\" \/> Detalles del Curso\u200b<\/h2>\n<p style=\"text-align: center;\">\ud83d\udd52 Inicio: Abril 2025<br \/>\ud83e\uddd1\u200d\ud83c\udfeb Duraci\u00f3n: 30 horas pedag\u00f3gicas<br \/>\ud83d\udcc5 Horario: Lunes, martes y mi\u00e9rcoles \u2013 7:30 p.m. a 9:30 p.m.<br \/>\ud83d\udc65 Capacidad: M\u00ednimo 6 \u2013 M\u00e1ximo 15 participantes<br \/>\ud83c\udf93 Certificaci\u00f3n: A nombre de Bericenter<br \/>\ud83d\udce6 Incluye: Materiales, herramientas, instrumentos y softwares<br \/>\ud83d\udcbb Requisitos: Laptop o PC con Excel 2016 o superior, 8GB de RAM, Core i3 o Ryzen 3<br \/>\ud83c\udf10 Modalidad: 2 sesiones presenciales + 13 sesiones virtuales<\/p>\t\t\t\t\t\t\t\t<\/div>\n\t\t\t\t<\/div>\n\t\t\t\t<div class=\"elementor-element elementor-element-fff1109 elementor-widget elementor-widget-heading\" data-id=\"fff1109\" data-element_type=\"widget\" data-widget_type=\"heading.default\">\n\t\t\t\t<div class=\"elementor-widget-container\">\n\t\t\t\t\t<h4 class=\"elementor-heading-title elementor-size-default\"><h2><span lang=\"EN-US\"><\/span>\n\u00bfPara qui\u00e9n es este curso?<\/h2><\/h4>\t\t\t\t<\/div>\n\t\t\t\t<\/div>\n\t\t\t\t<div class=\"elementor-element elementor-element-7612042 elementor-widget elementor-widget-heading\" data-id=\"7612042\" data-element_type=\"widget\" data-widget_type=\"heading.default\">\n\t\t\t\t<div class=\"elementor-widget-container\">\n\t\t\t\t\t<h4 class=\"elementor-heading-title elementor-size-default\"><p class=\"MsoNormal\"><img decoding=\"async\" role=\"img\" class=\"emoji\" alt=\"\u2705\" src=\"https:\/\/s.w.org\/images\/core\/emoji\/15.0.3\/svg\/2705.svg\"> Estudiantes de\ncarreras t\u00e9cnicas o universitarias<br>\n<img decoding=\"async\" role=\"img\" class=\"emoji\" alt=\"\u2705\" src=\"https:\/\/s.w.org\/images\/core\/emoji\/15.0.3\/svg\/2705.svg\"> Profesionales que buscan actualizar sus competencias digitales<br>\n<img decoding=\"async\" role=\"img\" class=\"emoji\" alt=\"\u2705\" src=\"https:\/\/s.w.org\/images\/core\/emoji\/15.0.3\/svg\/2705.svg\"> Personas que quieren dominar Excel y herramientas de an\u00e1lisis de datos<br>\n<img decoding=\"async\" role=\"img\" class=\"emoji\" alt=\"\u2705\" src=\"https:\/\/s.w.org\/images\/core\/emoji\/15.0.3\/svg\/2705.svg\"> Quienes desean iniciar en l\u00f3gica de programaci\u00f3n sin conocimientos previos<span style=\"color: var( --e-global-color-text )\"><\/span><\/p><\/h4>\t\t\t\t<\/div>\n\t\t\t\t<\/div>\n\t\t\t\t<div class=\"elementor-element elementor-element-4c800ed elementor-widget elementor-widget-heading\" data-id=\"4c800ed\" data-element_type=\"widget\" data-widget_type=\"heading.default\">\n\t\t\t\t<div class=\"elementor-widget-container\">\n\t\t\t\t\t<h4 class=\"elementor-heading-title elementor-size-default\"><h2><span lang=\"EN-US\">\ud83c\udf81<\/span>\nBONUS EXCLUSIVO <\/h2><\/h4>\t\t\t\t<\/div>\n\t\t\t\t<\/div>\n\t\t\t\t<div class=\"elementor-element elementor-element-fc813c9 elementor-widget elementor-widget-heading\" data-id=\"fc813c9\" data-element_type=\"widget\" data-widget_type=\"heading.default\">\n\t\t\t\t<div class=\"elementor-widget-container\">\n\t\t\t\t\t<h5 class=\"elementor-heading-title elementor-size-default\"><img decoding=\"async\" role=\"img\" class=\"emoji\" alt=\"\ud83c\udf89\" src=\"https:\/\/s.w.org\/images\/core\/emoji\/15.0.3\/svg\/1f389.svg\"> Acceso a plantillas profesionales de Excel<br>\n<img decoding=\"async\" role=\"img\" class=\"emoji\" alt=\"\ud83c\udf89\" src=\"https:\/\/s.w.org\/images\/core\/emoji\/15.0.3\/svg\/1f389.svg\"> Sesi\u00f3n de asesor\u00eda personalizada para resolver tus dudas<br>\n<img decoding=\"async\" role=\"img\" class=\"emoji\" alt=\"\ud83c\udf89\" src=\"https:\/\/s.w.org\/images\/core\/emoji\/15.0.3\/svg\/1f389.svg\"> Materiales descargables para pr\u00e1ctica independiente<\/h5>\t\t\t\t<\/div>\n\t\t\t\t<\/div>\n\t\t\t\t<div class=\"elementor-element elementor-element-7bd362d elementor-widget elementor-widget-heading\" data-id=\"7bd362d\" data-element_type=\"widget\" data-widget_type=\"heading.default\">\n\t\t\t\t<div class=\"elementor-widget-container\">\n\t\t\t\t\t<h4 class=\"elementor-heading-title elementor-size-default\"><h2><span lang=\"EN-US\"><\/span>\n\ud83d\udcf2 \u00a1Inscr\u00edbete hoy y transforma tu futuro digital con Bericenter! <\/h2><\/h4>\t\t\t\t<\/div>\n\t\t\t\t<\/div>\n\t\t\t\t<div class=\"elementor-element elementor-element-028e46b elementor-widget elementor-widget-text-editor\" data-id=\"028e46b\" data-element_type=\"widget\" data-widget_type=\"text-editor.default\">\n\t\t\t\t<div class=\"elementor-widget-container\">\n\t\t\t\t\t\t\t\t\t<p>\u201cEn el mundo laboral actual, saber Excel ya no es una ventaja\u2026 es una necesidad. S\u00famale programaci\u00f3n y bases de datos, y tendr\u00e1s una f\u00f3rmula imbatible.\u201d<\/p>\t\t\t\t\t\t\t\t<\/div>\n\t\t\t\t<\/div>\n\t\t<div class=\"elementor-element elementor-element-4419b8d e-grid e-con-full e-con e-child\" data-id=\"4419b8d\" data-element_type=\"container\">\n\t\t\t\t<div class=\"elementor-element elementor-element-093390c elementor-widget elementor-widget-heading\" data-id=\"093390c\" data-element_type=\"widget\" data-widget_type=\"heading.default\">\n\t\t\t\t<div class=\"elementor-widget-container\">\n\t\t\t\t\t<h3 class=\"elementor-heading-title elementor-size-default\">Escr\u00edbenos al WhatsApp y asegura tu cupo ahora mismo<\/h3>\t\t\t\t<\/div>\n\t\t\t\t<\/div>\n\t\t\t\t<div class=\"elementor-element elementor-element-8accea3 elementor-view-default elementor-widget elementor-widget-icon\" data-id=\"8accea3\" data-element_type=\"widget\" data-widget_type=\"icon.default\">\n\t\t\t\t<div class=\"elementor-widget-container\">\n\t\t\t\t\t\t\t<div class=\"elementor-icon-wrapper\">\n\t\t\t<div class=\"elementor-icon\">\n\t\t\t<svg aria-hidden=\"true\" class=\"e-font-icon-svg e-fab-whatsapp\" viewBox=\"0 0 448 512\" xmlns=\"http:\/\/www.w3.org\/2000\/svg\"><path d=\"M380.9 97.1C339 55.1 283.2 32 223.9 32c-122.4 0-222 99.6-222 222 0 39.1 10.2 77.3 29.6 111L0 480l117.7-30.9c32.4 17.7 68.9 27 106.1 27h.1c122.3 0 224.1-99.6 224.1-222 0-59.3-25.2-115-67.1-157zm-157 341.6c-33.2 0-65.7-8.9-94-25.7l-6.7-4-69.8 18.3L72 359.2l-4.4-7c-18.5-29.4-28.2-63.3-28.2-98.2 0-101.7 82.8-184.5 184.6-184.5 49.3 0 95.6 19.2 130.4 54.1 34.8 34.9 56.2 81.2 56.1 130.5 0 101.8-84.9 184.6-186.6 184.6zm101.2-138.2c-5.5-2.8-32.8-16.2-37.9-18-5.1-1.9-8.8-2.8-12.5 2.8-3.7 5.6-14.3 18-17.6 21.8-3.2 3.7-6.5 4.2-12 1.4-32.6-16.3-54-29.1-75.5-66-5.7-9.8 5.7-9.1 16.3-30.3 1.8-3.7.9-6.9-.5-9.7-1.4-2.8-12.5-30.1-17.1-41.2-4.5-10.8-9.1-9.3-12.5-9.5-3.2-.2-6.9-.2-10.6-.2-3.7 0-9.7 1.4-14.8 6.9-5.1 5.6-19.4 19-19.4 46.3 0 27.3 19.9 53.7 22.6 57.4 2.8 3.7 39.1 59.7 94.8 83.8 35.2 15.2 49 16.5 66.6 13.9 10.7-1.6 32.8-13.4 37.4-26.4 4.6-13 4.6-24.1 3.2-26.4-1.3-2.5-5-3.9-10.5-6.6z\"><\/path><\/svg>\t\t\t<\/div>\n\t\t<\/div>\n\t\t\t\t\t\t<\/div>\n\t\t\t\t<\/div>\n\t\t\t\t<\/div>\n\t\t\t\t<div class=\"elementor-element elementor-element-3d39a98 elementor-widget elementor-widget-image\" data-id=\"3d39a98\" data-element_type=\"widget\" data-widget_type=\"image.default\">\n\t\t\t\t<div class=\"elementor-widget-container\">\n\t\t\t\t\t\t\t\t\t\t\t\t\t\t\t<img decoding=\"async\" width=\"640\" height=\"246\" src=\"https:\/\/bericenter.com\/wp-content\/uploads\/2025\/04\/excel-1-1024x394.avif\" class=\"attachment-large size-large wp-image-7016\" alt=\"\" srcset=\"https:\/\/bericenter.com\/wp-content\/uploads\/2025\/04\/excel-1-1024x394.avif 1024w, https:\/\/bericenter.com\/wp-content\/uploads\/2025\/04\/excel-1-300x116.avif 300w, https:\/\/bericenter.com\/wp-content\/uploads\/2025\/04\/excel-1-768x296.avif 768w, https:\/\/bericenter.com\/wp-content\/uploads\/2025\/04\/excel-1-1536x591.avif 1536w, https:\/\/bericenter.com\/wp-content\/uploads\/2025\/04\/excel-1-600x231.avif 600w, https:\/\/bericenter.com\/wp-content\/uploads\/2025\/04\/excel-1.avif 2000w\" sizes=\"(max-width: 640px) 100vw, 640px\" \/>\t\t\t\t\t\t\t\t\t\t\t\t\t\t\t<\/div>\n\t\t\t\t<\/div>\n\t\t\t\t<\/div>\n\t\t\t\t<\/div>\n\t\t","protected":false},"excerpt":{"rendered":"<p>INFORM\u00c1TICA APLICADA Domina Excel, bases de datos y l\u00f3gica de programaci\u00f3n con un enfoque 100% pr\u00e1ctico \u00bfTe gustar\u00eda resolver problemas reales usando herramientas digitales? \u00bfQuieres dominar el manejo&#8230;<\/p>\n","protected":false},"author":1,"featured_media":6703,"parent":0,"menu_order":0,"comment_status":"closed","ping_status":"closed","template":"","meta":{"footnotes":""},"class_list":["post-6693","page","type-page","status-publish","has-post-thumbnail","hentry"],"_links":{"self":[{"href":"https:\/\/bericenter.com\/index.php\/wp-json\/wp\/v2\/pages\/6693","targetHints":{"allow":["GET"]}}],"collection":[{"href":"https:\/\/bericenter.com\/index.php\/wp-json\/wp\/v2\/pages"}],"about":[{"href":"https:\/\/bericenter.com\/index.php\/wp-json\/wp\/v2\/types\/page"}],"author":[{"embeddable":true,"href":"https:\/\/bericenter.com\/index.php\/wp-json\/wp\/v2\/users\/1"}],"replies":[{"embeddable":true,"href":"https:\/\/bericenter.com\/index.php\/wp-json\/wp\/v2\/comments?post=6693"}],"version-history":[{"count":45,"href":"https:\/\/bericenter.com\/index.php\/wp-json\/wp\/v2\/pages\/6693\/revisions"}],"predecessor-version":[{"id":7123,"href":"https:\/\/bericenter.com\/index.php\/wp-json\/wp\/v2\/pages\/6693\/revisions\/7123"}],"wp:featuredmedia":[{"embeddable":true,"href":"https:\/\/bericenter.com\/index.php\/wp-json\/wp\/v2\/media\/6703"}],"wp:attachment":[{"href":"https:\/\/bericenter.com\/index.php\/wp-json\/wp\/v2\/media?parent=6693"}],"curies":[{"name":"wp","href":"https:\/\/api.w.org\/{rel}","templated":true}]}}