{"id":6942,"date":"2025-04-04T19:50:32","date_gmt":"2025-04-04T19:50:32","guid":{"rendered":"https:\/\/bericenter.com\/?page_id=6942"},"modified":"2025-04-11T03:55:18","modified_gmt":"2025-04-11T03:55:18","slug":"automatizacion-de-subestaciones-electricas","status":"publish","type":"page","link":"https:\/\/bericenter.com\/index.php\/automatizacion-de-subestaciones-electricas\/","title":{"rendered":"AUTOMATIZACI\u00d3N DE SUBESTACIONES EL\u00c9CTRICAS"},"content":{"rendered":"\t\t<div data-elementor-type=\"wp-page\" data-elementor-id=\"6942\" class=\"elementor elementor-6942\">\n\t\t\t\t<div class=\"elementor-element elementor-element-41316ba e-flex e-con-boxed e-con e-parent\" data-id=\"41316ba\" data-element_type=\"container\">\n\t\t\t\t\t<div class=\"e-con-inner\">\n\t\t\t\t<div class=\"elementor-element elementor-element-1fecc32 elementor-widget elementor-widget-image\" data-id=\"1fecc32\" data-element_type=\"widget\" data-widget_type=\"image.default\">\n\t\t\t\t<div class=\"elementor-widget-container\">\n\t\t\t\t\t\t\t\t\t\t\t\t\t\t\t<img fetchpriority=\"high\" decoding=\"async\" width=\"640\" height=\"427\" src=\"https:\/\/bericenter.com\/wp-content\/uploads\/2025\/04\/floreria-hombre-trabajando-casa-verde_1303-29960-1024x683.jpg\" class=\"attachment-large size-large wp-image-7078\" alt=\"\" srcset=\"https:\/\/bericenter.com\/wp-content\/uploads\/2025\/04\/floreria-hombre-trabajando-casa-verde_1303-29960-1024x683.jpg 1024w, https:\/\/bericenter.com\/wp-content\/uploads\/2025\/04\/floreria-hombre-trabajando-casa-verde_1303-29960-300x200.jpg 300w, https:\/\/bericenter.com\/wp-content\/uploads\/2025\/04\/floreria-hombre-trabajando-casa-verde_1303-29960-768x512.jpg 768w, https:\/\/bericenter.com\/wp-content\/uploads\/2025\/04\/floreria-hombre-trabajando-casa-verde_1303-29960-540x360.jpg 540w, https:\/\/bericenter.com\/wp-content\/uploads\/2025\/04\/floreria-hombre-trabajando-casa-verde_1303-29960-600x400.jpg 600w, https:\/\/bericenter.com\/wp-content\/uploads\/2025\/04\/floreria-hombre-trabajando-casa-verde_1303-29960.jpg 1380w\" sizes=\"(max-width: 640px) 100vw, 640px\" \/>\t\t\t\t\t\t\t\t\t\t\t\t\t\t\t<\/div>\n\t\t\t\t<\/div>\n\t\t\t\t<div class=\"elementor-element elementor-element-419ccf8 elementor-widget elementor-widget-heading\" data-id=\"419ccf8\" data-element_type=\"widget\" data-widget_type=\"heading.default\">\n\t\t\t\t<div class=\"elementor-widget-container\">\n\t\t\t\t\t<h2 class=\"elementor-heading-title elementor-size-default\"><h1>AUTOMATIZACI\u00d3N DE SUBESTACIONES EL\u00c9CTRICAS<span style=\"font-family: Roboto, sans-serif;font-size: 30px\"><\/span><\/h1><\/h2>\t\t\t\t<\/div>\n\t\t\t\t<\/div>\n\t\t\t\t<div class=\"elementor-element elementor-element-69b553c elementor-widget elementor-widget-heading\" data-id=\"69b553c\" data-element_type=\"widget\" data-widget_type=\"heading.default\">\n\t\t\t\t<div class=\"elementor-widget-container\">\n\t\t\t\t\t<h1 class=\"elementor-heading-title elementor-size-default\">\ud83d\udce1 Domina la tecnolog\u00eda que impulsa el sistema el\u00e9ctrico moderno<\/h1>\t\t\t\t<\/div>\n\t\t\t\t<\/div>\n\t\t\t\t<div class=\"elementor-element elementor-element-055c340 elementor-widget elementor-widget-text-editor\" data-id=\"055c340\" data-element_type=\"widget\" data-widget_type=\"text-editor.default\">\n\t\t\t\t<div class=\"elementor-widget-container\">\n\t\t\t\t\t\t\t\t\t<p><strong>\u00bfTrabajas en el sector el\u00e9ctrico o quieres especializarte en automatizaci\u00f3n industrial?<\/strong><strong>\u00a0Este curso est\u00e1 dise\u00f1ado para ti.<\/strong><\/p>\t\t\t\t\t\t\t\t<\/div>\n\t\t\t\t<\/div>\n\t\t\t\t<div class=\"elementor-element elementor-element-bb5683e elementor-widget elementor-widget-text-editor\" data-id=\"bb5683e\" data-element_type=\"widget\" data-widget_type=\"text-editor.default\">\n\t\t\t\t<div class=\"elementor-widget-container\">\n\t\t\t\t\t\t\t\t\t<p>Aprende desde cero c\u00f3mo funcionan las subestaciones automatizadas, sus jerarqu\u00edas de control, equipos de medida y los protocolos de comunicaci\u00f3n que hacen posible un sistema el\u00e9ctrico eficiente y moderno.<\/p>\t\t\t\t\t\t\t\t<\/div>\n\t\t\t\t<\/div>\n\t\t\t\t<div class=\"elementor-element elementor-element-defd8e1 elementor-widget elementor-widget-heading\" data-id=\"defd8e1\" data-element_type=\"widget\" data-widget_type=\"heading.default\">\n\t\t\t\t<div class=\"elementor-widget-container\">\n\t\t\t\t\t<h2 class=\"elementor-heading-title elementor-size-default\"><h2>\u00bfQu\u00e9 vas a lograr?<span style=\"font-family: Roboto, sans-serif;font-size: 30px\"><\/span><\/h2><\/h2>\t\t\t\t<\/div>\n\t\t\t\t<\/div>\n\t\t\t\t<div class=\"elementor-element elementor-element-39abfda elementor-widget elementor-widget-text-editor\" data-id=\"39abfda\" data-element_type=\"widget\" data-widget_type=\"text-editor.default\">\n\t\t\t\t<div class=\"elementor-widget-container\">\n\t\t\t\t\t\t\t\t\t<p>\u2705 Entender c\u00f3mo funciona una Subestaci\u00f3n Automatizada<br \/>\u2705 Conocer los dispositivos, equipos y jerarqu\u00edas de control<br \/>\u2705 Interpretar protocolos de comunicaci\u00f3n (MODBUS, DNP-3, IEC-104, IEC-61850)<br \/>\u2705 Aplicar conocimientos pr\u00e1cticos con tecnolog\u00eda real del sector<\/p>\t\t\t\t\t\t\t\t<\/div>\n\t\t\t\t<\/div>\n\t\t\t\t<div class=\"elementor-element elementor-element-31f943d elementor-widget elementor-widget-heading\" data-id=\"31f943d\" data-element_type=\"widget\" data-widget_type=\"heading.default\">\n\t\t\t\t<div class=\"elementor-widget-container\">\n\t\t\t\t\t<h2 class=\"elementor-heading-title elementor-size-default\"><h2>Contenido pr\u00e1ctico y especializado<span style=\"font-family: Roboto, sans-serif;font-size: 30px\"><\/span><\/h2><\/h2>\t\t\t\t<\/div>\n\t\t\t\t<\/div>\n\t\t\t\t<div class=\"elementor-element elementor-element-bb34545 elementor-widget elementor-widget-text-editor\" data-id=\"bb34545\" data-element_type=\"widget\" data-widget_type=\"text-editor.default\">\n\t\t\t\t<div class=\"elementor-widget-container\">\n\t\t\t\t\t\t\t\t\t<p>\ud83d\udd39 Fundamentos y arquitectura de automatizaci\u00f3n<br \/>\ud83d\udd39 Transformadores de medida, interruptores y actuadores<br \/>\ud83d\udd39 RTU, HMI, SCADA, GPS y switches industriales<br \/>\ud83d\udd39 Redes LAN, multiplexores PDH\/SDH y sistemas de onda portadora<br \/>\ud83d\udd39 Protocolos de automatizaci\u00f3n l\u00edderes en el sector<\/p>\t\t\t\t\t\t\t\t<\/div>\n\t\t\t\t<\/div>\n\t\t\t\t<div class=\"elementor-element elementor-element-1709f58 elementor-widget elementor-widget-text-editor\" data-id=\"1709f58\" data-element_type=\"widget\" data-widget_type=\"text-editor.default\">\n\t\t\t\t<div class=\"elementor-widget-container\">\n\t\t\t\t\t\t\t\t\t<h3 class=\"elementor-heading-title elementor-size-default\">\u00a0Detalles del Curso<\/h3>\n<p>\ud83d\udcc5 <strong>Inicio:<\/strong> Abril 2025<br \/>\ud83d\uddd3\ufe0f <strong>Modalidad:<\/strong> Presencial<br \/>\ud83c\udf93 <strong>Certificaci\u00f3n a nombre de Bericenter<\/strong><br \/>\ud83d\udc65 <strong>Cupos limitados para una experiencia personalizada<\/strong><\/p>\t\t\t\t\t\t\t\t<\/div>\n\t\t\t\t<\/div>\n\t\t\t\t<div class=\"elementor-element elementor-element-c775967 elementor-widget elementor-widget-heading\" data-id=\"c775967\" data-element_type=\"widget\" data-widget_type=\"heading.default\">\n\t\t\t\t<div class=\"elementor-widget-container\">\n\t\t\t\t\t<h1 class=\"elementor-heading-title elementor-size-default\">Prep\u00e1rate para enfrentar los retos del futuro energ\u00e9tico con herramientas reales y enfoque 100% t\u00e9cnico.<\/h1>\t\t\t\t<\/div>\n\t\t\t\t<\/div>\n\t\t\t\t<div class=\"elementor-element elementor-element-6c708b2 elementor-widget elementor-widget-heading\" data-id=\"6c708b2\" data-element_type=\"widget\" data-widget_type=\"heading.default\">\n\t\t\t\t<div class=\"elementor-widget-container\">\n\t\t\t\t\t<h1 class=\"elementor-heading-title elementor-size-default\">\ud83d\udcf2 \u00a1Escr\u00edbenos y asegura tu cupo hoy mismo!\n<\/h1>\t\t\t\t<\/div>\n\t\t\t\t<\/div>\n\t\t\t\t<div class=\"elementor-element elementor-element-4acc3a3 elementor-widget elementor-widget-image\" data-id=\"4acc3a3\" data-element_type=\"widget\" data-widget_type=\"image.default\">\n\t\t\t\t<div class=\"elementor-widget-container\">\n\t\t\t\t\t\t\t\t\t\t\t\t\t\t\t<img decoding=\"async\" width=\"640\" height=\"427\" src=\"https:\/\/bericenter.com\/wp-content\/uploads\/2025\/04\/disparo-parte-central-electrica-alta-tension_181624-19111-1024x683.jpg\" class=\"attachment-large size-large wp-image-7079\" alt=\"\" srcset=\"https:\/\/bericenter.com\/wp-content\/uploads\/2025\/04\/disparo-parte-central-electrica-alta-tension_181624-19111-1024x683.jpg 1024w, https:\/\/bericenter.com\/wp-content\/uploads\/2025\/04\/disparo-parte-central-electrica-alta-tension_181624-19111-300x200.jpg 300w, https:\/\/bericenter.com\/wp-content\/uploads\/2025\/04\/disparo-parte-central-electrica-alta-tension_181624-19111-768x512.jpg 768w, https:\/\/bericenter.com\/wp-content\/uploads\/2025\/04\/disparo-parte-central-electrica-alta-tension_181624-19111-540x360.jpg 540w, https:\/\/bericenter.com\/wp-content\/uploads\/2025\/04\/disparo-parte-central-electrica-alta-tension_181624-19111-600x400.jpg 600w, https:\/\/bericenter.com\/wp-content\/uploads\/2025\/04\/disparo-parte-central-electrica-alta-tension_181624-19111.jpg 1380w\" sizes=\"(max-width: 640px) 100vw, 640px\" \/>\t\t\t\t\t\t\t\t\t\t\t\t\t\t\t<\/div>\n\t\t\t\t<\/div>\n\t\t\t\t\t<\/div>\n\t\t\t\t<\/div>\n\t\t\t\t<\/div>\n\t\t","protected":false},"excerpt":{"rendered":"<p>AUTOMATIZACI\u00d3N DE SUBESTACIONES EL\u00c9CTRICAS \ud83d\udce1 Domina la tecnolog\u00eda que impulsa el sistema el\u00e9ctrico moderno \u00bfTrabajas en el sector el\u00e9ctrico o quieres especializarte en automatizaci\u00f3n industrial?\u00a0Este curso est\u00e1 dise\u00f1ado&#8230;<\/p>\n","protected":false},"author":1,"featured_media":6943,"parent":0,"menu_order":0,"comment_status":"closed","ping_status":"closed","template":"","meta":{"footnotes":""},"class_list":["post-6942","page","type-page","status-publish","has-post-thumbnail","hentry"],"_links":{"self":[{"href":"https:\/\/bericenter.com\/index.php\/wp-json\/wp\/v2\/pages\/6942","targetHints":{"allow":["GET"]}}],"collection":[{"href":"https:\/\/bericenter.com\/index.php\/wp-json\/wp\/v2\/pages"}],"about":[{"href":"https:\/\/bericenter.com\/index.php\/wp-json\/wp\/v2\/types\/page"}],"author":[{"embeddable":true,"href":"https:\/\/bericenter.com\/index.php\/wp-json\/wp\/v2\/users\/1"}],"replies":[{"embeddable":true,"href":"https:\/\/bericenter.com\/index.php\/wp-json\/wp\/v2\/comments?post=6942"}],"version-history":[{"count":19,"href":"https:\/\/bericenter.com\/index.php\/wp-json\/wp\/v2\/pages\/6942\/revisions"}],"predecessor-version":[{"id":7085,"href":"https:\/\/bericenter.com\/index.php\/wp-json\/wp\/v2\/pages\/6942\/revisions\/7085"}],"wp:featuredmedia":[{"embeddable":true,"href":"https:\/\/bericenter.com\/index.php\/wp-json\/wp\/v2\/media\/6943"}],"wp:attachment":[{"href":"https:\/\/bericenter.com\/index.php\/wp-json\/wp\/v2\/media?parent=6942"}],"curies":[{"name":"wp","href":"https:\/\/api.w.org\/{rel}","templated":true}]}}